e the greatest common divisor of 2150632 and 8536.
88
Calculate the highest common divisor of 3082836 and 9264.
12
Calculate the highest common divisor of 7260 and 22032060.
60
Calculate the highest common factor of 75809196 and 169550.
6782
Calculate the greatest common divisor of 5362 and 12334.
14
Calculate the greatest common factor of 139419716 and 428.
428
Calculate the highest common factor of 132 and 6655836.
132
Calculate the highest common factor of 256 and 18612448.
32
What is the greatest common divisor of 17 and 135421915?
17
Calculate the highest common divisor of 112951895 and 8890.
4445
What is the highest common factor of 574 and 452718?
14
Calculate the greatest common factor of 1369797 and 4711014.
3399
What is the greatest common factor of 17312 and 1382255?
541
What is the greatest common factor of 150114 and 100470?
1182
What is the highest common divisor of 3360720 and 139080?
2280
Calculate the greatest common divisor of 303597356 and 204.
68
Calculate the greatest common factor of 279845887 and 632.
79
What is the greatest common factor of 2235160 and 393040?
680
What is the highest common factor of 1947 and 888717?
177
What is the greatest common factor of 84779 and 551599?
17
Calculate the highest common factor of 272322 and 250469.
1681
Calculate the greatest common factor of 88171646 and 6026.
262
Calculate the highest common divisor of 1659 and 6400027.
79
What is the greatest common divisor of 1543650700 and 25?
25
What is the highest common divisor of 5643297 and 33?
33
Calculate the highest common divisor of 627103505 and 28.
7
Calculate the greatest common divisor of 197899 and 176033.
13
Calculate the greatest common factor of 1839 and 833600310.
1839
Calculate the greatest common factor of 314574 and 3730961.
1417
Calculate the highest common factor of 9339180 and 24.
12
Calculate the highest common divisor of 15376082 and 166.
166
What is the greatest common factor of 1595664 and 315?
63
What is the highest common factor of 4028 and 529788?
212
Calculate the greatest common factor of 3907 and 385.
1
What is the greatest common divisor of 605664 and 3888?
432
Calculate the highest common factor of 99 and 625842657.
99
Calculate the highest common divisor of 9 and 5779803.
3
What is the highest common factor of 43238 and 286?
26
What is the greatest common divisor of 2523700 and 36200?
100
Calculate the highest common factor of 58 and 5991081.
29
Calculate the greatest common divisor of 20715 and 154725.
15
What is the greatest common factor of 86880 and 694572?
12
What is the greatest common factor of 1316865 and 299046?
759
What is the highest common divisor of 7013153 and 15281?
413
Calculate the greatest common divisor of 418 and 48811.
19
Calculate the highest common divisor of 4716881 and 1066.
13
What is the highest common factor of 158041071 and 4293?
1431
What is the highest common factor of 2169 and 879279?
3
What is the greatest common divisor of 115552 and 147200?
736
Calculate the highest common divisor of 896855469 and 111.
111
What is the highest common factor of 614 and 1337?
1
Calculate the greatest common divisor of 16 and 137107404.
4
Calculate the greatest common factor of 56586498 and 1572.
786
What is the highest common divisor of 8017986 and 9432?
786
What is the greatest common divisor of 4432 and 38217136?
4432
What is the greatest common divisor of 14461337 and 6061?
209
What is the highest common divisor of 143 and 4821718?
11
What is the highest common factor of 418095 and 216?
27
Calculate the highest common divisor of 1775319 and 196833.
1911
What is the greatest common divisor of 66096 and 5904?
144
What is the highest common factor of 29988 and 12225924?
612
What is the highest common factor of 53998000 and 475?
475
What is the highest common factor of 8 and 39863408?
8
Calculate the highest common divisor of 1122 and 15528238.
22
Calculate the greatest common divisor of 185287535 and 5.
5
Calculate the highest common factor of 9720 and 518424.
24
What is the greatest common divisor of 8349796 and 452?
452
Calculate the highest common divisor of 852 and 6089972.
4
What is the highest common divisor of 346460 and 11662?
34
Calculate the highest common divisor of 3328 and 1931086976.
1664
What is the highest common divisor of 96 and 389000712?
24
Calculate the greatest common factor of 5220 and 26488629.
261
What is the highest common divisor of 111486 and 714?
102
What is the highest common factor of 681425 and 29350?
25
Calculate the highest common divisor of 1371 and 20171523.
1371
Calculate the greatest common factor of 13699836 and 684.
684
Calculate the greatest common factor of 1444768 and 5928.
104
What is the greatest common factor of 16686 and 586276?
206
What is the highest common divisor of 1580749 and 7339?
179
Calculate the highest common factor of 168 and 778818.
6
What is the greatest common factor of 22064 and 266209055?
1379
Calculate the highest common divisor of 32712892 and 1329.
443
What is the highest common divisor of 6090718 and 111?
37
What is the highest common divisor of 39513265 and 110?
55
Calculate the greatest common factor of 389151466 and 4135.
827
What is the greatest common factor of 487516815 and 180?
45
What is the greatest common factor of 2865901626 and 203?
203
What is the highest common divisor of 9920 and 286831220?
620
Calculate the highest common factor of 2021249 and 12869.
17
What is the highest common factor of 227 and 680701949?
227
Calculate the highest common factor of 12046 and 52624.
2
What is the highest common divisor of 23370198 and 29646?
366
What is the greatest common factor of 1979500 and 851?
37
Calculate the highest common divisor of 170366 and 583546.
566
What is the highest common factor of 55261 and 13943?
73
Calculate the greatest common divisor of 11323 and 15490709.
169
What is the greatest common factor of 200517120 and 6720?
960
What is the greatest common factor of 4149 and 256960017?
4149
What is the greatest common divisor of 540319692 and 1936?
484
What is the highest common divisor of 7150 and 8591?
11
Calculate the greatest common factor of 52121292 and 744.
372
What is the greatest common divisor of 553 and 29600273?
79
Calculate the highest common divisor of 49731499 and 235.
47
What is the highest common divisor of 289994951 and 1017?
113
Calculate the highest common factor of 100700 and 43700.
1900
Calculate the highest common divisor of 4480 and 79552640.
640
What is the highest common divisor of 34285585 and 20?
5
Calculate the highest common factor of 8 and 24718088.
8
What is the greatest common divisor of 88168 and 139256?
824
What is the greatest common divisor of 33 and 500414475?
33
What is the highest common factor of 324215 and 436394?
61
Calculate the highest common factor of 9145 and 1572320.
155
Calculate the highest common factor of 149422 and 33661.
821
What is the greatest common factor of 1494337 and 24921?
923
What is the highest common factor of 4929 and 5131248?
159
Calculate the greatest common divisor of 374724 and 360.
36
Calculate the greatest common factor of 1456 and 11632166.
182
Calculate the greatest common divisor of 2855 and 23270.
5
Calculate the greatest common divisor of 776300 and 4300.
100
Calculate the greatest common divisor of 95235 and 41391.
21
Calculate the greatest common divisor of 428909 and 61763.
13
Calculate the greatest common factor of 13181307 and 153.
51
Calculate the greatest common factor of 66 and 117535726.
22
Calculate the greatest common divisor of 271190 and 187060.
470
What is the highest common factor of 7008 and 4074024?
24
What is the highest common factor of 18090 and 966177855?
9045
What is the greatest common divisor of 6264675 and 54?
27
Calculate the greatest common divisor of 1811139 and 91214.
773
What is the greatest common factor of 25894 and 1034?
22
Calculate the greatest common divisor of 95543 and 14.
7
Calculate the greatest common factor of 90232 and 152.
8
What is the highest common divisor of 10132 and 42993?
17
Calculate the highest common factor of 5106 and 65653799.
851
What is the greatest common divisor of 2485 and 168308?
7
What is the greatest common divisor of 3543525 and 135?
45
What is the highest common fac